e prime factors of 1162.
2, 7, 83
List the prime factors of 88187.
11, 8017
List the prime factors of 13895.
5, 7, 397
What are the prime factors of 184?
2, 23
What are the prime factors of 1428?
2, 3, 7, 17
What are the prime factors of 19011?
3, 6337
What are the prime factors of 14557?
14557
What are the prime factors of 4883?
19, 257
List the prime factors of 2026.
2, 1013
What are the prime factors of 728?
2, 7, 13
What are the prime factors of 37319?
67, 557
What are the prime factors of 46902?
2, 3, 7817
List the prime factors of 1650.
2, 3, 5, 11
What are the prime factors of 7077?
3, 7, 337
List the prime factors of 1474.
2, 11, 67
List the prime factors of 119082.
2, 3, 89, 223
List the prime factors of 26361.
3, 29, 101
List the prime factors of 67996.
2, 89, 191
What are the prime factors of 10746?
2, 3, 199
What are the prime factors of 10403?
101, 103
List the prime factors of 14158.
2, 7079
What are the prime factors of 1514?
2, 757
List the prime factors of 25540.
2, 5, 1277
What are the prime factors of 3431?
47, 73
What are the prime factors of 7264?
2, 227
List the prime factors of 13366.
2, 41, 163
List the prime factors of 34942.
2, 17471
What are the prime factors of 1814?
2, 907
List the prime factors of 49979.
23, 41, 53
What are the prime factors of 6295?
5, 1259
What are the prime factors of 44?
2, 11
List the prime factors of 5326.
2, 2663
What are the prime factors of 1350?
2, 3, 5
List the prime factors of 4214.
2, 7, 43
What are the prime factors of 21940?
2, 5, 1097
What are the prime factors of 22856?
2, 2857
List the prime factors of 21993.
3, 7331
List the prime factors of 66466.
2, 167, 199
What are the prime factors of 886?
2, 443
What are the prime factors of 17277?
3, 13, 443
List the prime factors of 14986.
2, 59, 127
What are the prime factors of 16455?
3, 5, 1097
List the prime factors of 5489.
11, 499
List the prime factors of 105721.
7, 11, 1373
List the prime factors of 52080.
2, 3, 5, 7, 31
List the prime factors of 139311.
3, 23, 673
What are the prime factors of 114014?
2, 109, 523
List the prime factors of 31782.
2, 3, 5297
List the prime factors of 2353.
13, 181
List the prime factors of 698.
2, 349
What are the prime factors of 1259?
1259
What are the prime factors of 106248?
2, 3, 19, 233
What are the prime factors of 4074?
2, 3, 7, 97
What are the prime factors of 55222?
2, 27611
List the prime factors of 40887.
3, 7, 11, 59
What are the prime factors of 140?
2, 5, 7
List the prime factors of 93.
3, 31
What are the prime factors of 4826?
2, 19, 127
List the prime factors of 22264.
2, 11, 23
What are the prime factors of 3417?
3, 17, 67
List the prime factors of 173.
173
List the prime factors of 839.
839
List the prime factors of 103765.
5, 20753
List the prime factors of 2434.
2, 1217
What are the prime factors of 97123?
13, 31, 241
List the prime factors of 112314.
2, 3, 18719
What are the prime factors of 20918?
2, 10459
List the prime factors of 4355.
5, 13, 67
List the prime factors of 2832.
2, 3, 59
List the prime factors of 1189.
29, 41
List the prime factors of 4860.
2, 3, 5
What are the prime factors of 108993?
3, 47, 773
What are the prime factors of 1231?
1231
List the prime factors of 8195.
5, 11, 149
List the prime factors of 1770.
2, 3, 5, 59
List the prime factors of 232.
2, 29
What are the prime factors of 3780?
2, 3, 5, 7
List the prime factors of 2705.
5, 541
List the prime factors of 23784.
2, 3, 991
What are the prime factors of 56461?
131, 431
What are the prime factors of 87958?
2, 13, 17, 199
List the prime factors of 727.
727
List the prime factors of 1227.
3, 409
List the prime factors of 21993.
3, 7331
List the prime factors of 4446.
2, 3, 13, 19
List the prime factors of 632.
2, 79
What are the prime factors of 33682?
2, 11, 1531
List the prime factors of 11684.
2, 23, 127
List the prime factors of 92.
2, 23
What are the prime factors of 3705?
3, 5, 13, 19
List the prime factors of 5211.
3, 193
What are the prime factors of 6365?
5, 19, 67
What are the prime factors of 2705?
5, 541
List the prime factors of 21588.
2, 3, 7, 257
List the prime factors of 934.
2, 467
What are the prime factors of 104534?
2, 52267
What are the prime factors of 14362?
2, 43, 167
What are the prime factors of 68204?
2, 17, 59
List the prime factors of 92.
2, 23
List the prime factors of 32876.
2, 8219
List the prime factors of 66282.
2, 3, 11047
What are the prime factors of 2079?
3, 7, 11
What are the prime factors of 56752?
2, 3547
List the prime factors of 45.
3, 5
List the prime factors of 3317.
31, 107
What are the prime factors of 80873?
13, 6221
List the prime factors of 86618.
2, 7, 23, 269
What are the prime factors of 799?
17, 47
List the prime factors of 729.
3
What are the prime factors of 10085?
5, 2017
What are the prime factors of 1380?
2, 3, 5, 23
List the prime factors of 14107.
14107
List the prime factors of 14546.
2, 7, 1039
List the prime factors of 125313.
3, 41771
What are the prime factors of 1971?
3, 73
List the prime factors of 18933.
3, 6311
What are the prime factors of 10493?
7, 1499
What are the prime factors of 56204?
2, 14051
List the prime factors of 6247.
6247
What are the prime factors of 3314?
2, 1657
What are the prime factors of 10048?
2, 157
What are the prime factors of 10622?
2, 47, 113
What are the prime factors of 814?
2, 11, 37
List the prime factors of 59143.
7, 17, 71
What are the prime factors of 65248?
2, 2039
List the prime factors of 776.
2, 97
What are the prime factors of 84456?
2, 3, 17, 23
List the prime factors of 1004.
2, 251
List the prime factors of 72718.
2, 103, 353
What are the prime factors of 122008?
2, 101, 151
What are the prime factors of 436?
2, 109
What are the prime factors of 3149?
47, 67
List the prime factors of 999.
3, 37
What are the prime factors of 77110?
2, 5, 11, 701
List the prime factors of 5284.
2, 1321
What are the prime factors of 22340?
2, 5, 1117
What are the prime factors of 27294?
2, 3, 4549
What are the prime factors of 1552?
2, 97
What are the prime factors of 2295?
3, 5, 17
What are the prime factors of 10034?
2, 29, 173
What are the prime factors of 1223?
1223
List the prime factors of 22989.
3, 79, 97
What are the prime factors of 126?
2, 3, 7
List the prime factors of 7521.
3, 23, 109
What are the prime factors of 3158?
2, 1579
List the prime factors of 14605.
5, 23, 127
What are the prime factors of 2084?
2, 521
What are the prime factors of 2131?
2131
What are the prime factors of 1331?
11
List the prime factors of 8500.
2, 5, 17
List the prime factors of 1796.
2, 449
List the prime factors of 6511.
17, 383
List the prime factors of 29.
29
What are the prime factors of 39776?
2, 11, 113
What are the prime factors of 12970?
2, 5, 1297
List the prime factors of 76698.
2, 3, 4261
List the prime factors of 24095.
5, 61, 79
What are the prime factors of 206?
2, 103
List the prime factors of 13313.
13313
List the prime factors of 65000.
2, 5, 13
What are the prime factors of 18577?
13, 1429
What are the prime factors of 10300?
2, 5, 103
List the prime factors of 77951.
77951
What are the prime factors of 44762?
2, 22381
What are the prime factors of 1098?
2, 3, 61
What are the prime factors of 5666?
2, 2833
What are the prime factors of 2232?
2, 3, 31
List the prime factors of 234.
2, 3, 13
List the prime factors of 3884.
2, 971
What are the prime factors of 22082?
2, 61, 181
What are the prime factors of 11858?
2, 7, 11
List the prime factors of 246.
2, 3, 41
What are the prime factors of 8497?
29, 293
List the prime factors of 12430.
2, 5, 11, 113
List the prime factors of 16517.
83, 199
List the prime factors of 50.
2, 5
What are the prime factors of 1499?
1499
What are the prime factors of 1491?
3, 7, 71
List the prime factors of 122166.
2, 3, 11, 617
List the prime factors of 1878.
2, 3, 313
What are the prime factors of 6810?
2, 3, 5, 227
What are the prime factors of 175?
5, 7
List the prime factors of 1592.
2, 199
List the prime factors of 318.
2, 3, 53
List the prime factors of 11982.
2, 3, 1997
List the prime factors of 3189.
3, 1063
List the prime factors of 25238.
2, 12619
List the prime factors of 3563.
7, 509
What are the prime factors of 2704?
2, 13
List the prime factors of 1568.
